(14 + -32) - -3.
22
Calculate 4 + (-23 - 1 - (9 - 19)) + 0.
-10
14 + -16 - -7 - (8 - -2)
-5
What is the value of -11 - (-2 + 3 + (28 - 30))?
-10
What is the value of 3 + (-15 - (8 + -19)) + -9 + -8?
-18
What is the value of 3 + (9 + 0 + 0 - (-10 - -3))?
19
What is the value of (18 - 85 - -51) + 7 + 1 + 0?
-8
What is the value of (136 - 156) + (-1 - -16) + -30?
-35
Calculate 6 + -14 - 4 - (-5 - 3).
-4
(-1 - (8 - 9)) + -2 - (11 + -11)
-2
Evaluate 37 + -24 + 0 + -11.
2
What is the value of -10 + (-6 - 5 - -11)?
-10
What is the value of 37 + -2 - (1 + 5 + 4 + 1)?
24
What is -3 - (-1 + (-17 - -5) - -8)?
2
Calculate 1 + -6 + 8 + 4 - 26.
-19
Calculate -40 - (-28 + -12 + 21).
-21
What is (-40 - -50 - (0 - -5)) + -3 + -1?
1
Evaluate 15 + -8 + -11 + 3.
-1
What is -6 + 35 + -1 + -15?
13
Evaluate 15 + 24 - (-1 - -20).
20
Evaluate -2 - 0 - (-2 - -5) - (-1900 - -1911).
-16
0 + (-1 - -2) - (-12 + -9 + 40)
-18
What is 5 - (11 + -24 + 14)?
4
What is 11 + (-14 - 4 - -14) - (5 + 1)?
1
(-71 - -40) + 32 + -13
-12
(0 - -3 - -1) + 75 + -31 + -51
-3
What is the value of 2 - ((-2 + 2 - 2) + 18 + -12)?
-2
8 + (-10 - 10) + 5
-7
What is (22 + -31 - 3) + 16?
4
What is the value of 3 + -1 + (-6 - 4) + 25 + -3?
14
1 + -7 + (6 - (-4 - -9)) + -4
-9
What is 0 - (0 + -4 - -13)?
-9
What is the value of 18 - (15 + -4) - 13?
-6
What is (-1 - 4 - (11 + 2 + -7)) + 10?
-1
26 - (-34 + 51) - (3 + -1)
7
What is 9 + (-46 + -2 - -4) + -4 + 5?
-34
(2 + -1 - 6) + 2 - (-87 - -110)
-26
8 - 2 - 18 - (-65 + 35)
18
Evaluate 79 - 17 - (16 - -19).
27
Evaluate 0 + -10 + -100 + 92.
-18
-21 - (-3 + (-6 - 1 - (87 + -95)))
-19
Calculate (-27 - -17) + 14 - (9 + -2).
-3
Calculate (-20 - -43 - 37) + 36.
22
What is the value of (0 - -1 - 1) + 3097 + -3100?
-3
What is -1 + (18 + -15 - 16)?
-14
Calculate 1 + (-5 - 12) + 27.
11
What is -14 - -21 - 21 - (3 + -16)?
-1
-68 + 72 - (2 + (5 - -3)) - 14
-20
-10 + 11 + -15 + 1
-13
What is the value of 4 + 10 + -26 - (3 - 3)?
-12
What is -16 - (1 - -8 - (43 - 45))?
-27
What is (8 - (0 - (-49 - (-7 - 1)))) + 5?
-28
What is the value of -20 + (3 + 22 - 15)?
-10
What is -3 + 48 - 30 - 5?
10
What is 6 + -3 + (11 - (10 - 5))?
9
Calculate -18 + (-6 - -13) - (4 - 46).
31
(11 - (-4 - -9)) + -16 + 22 + -22
-10
What is 40 + (44 - 82) + 0 + (0 - -9)?
11
What is the value of 99 - 90 - (-1 + 0)?
10
Evaluate -4 + (33 - (-4 + 18)).
15
Calculate 47 + 0 - (-32 - (-31 - 18)).
30
What is -7 + -19 + 16 + 12 + -37 + 0?
-35
Evaluate -7 + 0 + 7 + 4 + 1.
5
36 + -50 + (-2 - 0 - (28 + -31))
-13
What is the value of -3 - (37 - (24 - 1))?
-17
What is the value of -1 - -11 - (4 - (3 - -21))?
30
Evaluate (-2 - (0 - (-3 + -1))) + 3.
-3
What is the value of -12 + (1 + 9 - (22 + -14)) + 10?
0
-21 + (-3 - 7 - -14 - -7)
-10
(5 - 4 - 0) + -4 + 12
9
What is the value of -4 - (10 + (-34 - (0 - 5)))?
15
(1274 - 1260) + (4 - -1) + -1
18
What is (4 - -7 - 52) + 13?
-28
4 + -66 + 28 - -14
-20
Calculate -9 + (0 + -9 - (-42 + 8)).
16
2 - (0 - (-15 + 12))
-1
What is the value of (-1 + -4 - (-22 + 14)) + -5 - 0?
-2
-1 - ((17 - -3 - 7) + (-3 - 0))
-11
What is the value of 4 + 11 + -29 + 10?
-4
What is (1 - (21 - 3) - -2) + 18?
3
24 + -9 + -1 - (2 - 3)
15
Evaluate (-1 - -7) + 0 + -49 + 102 + -70.
-11
What is the value of 185 + -188 - (1 - 0)?
-4
Calculate (-5 - 1) + -8 - -5.
-9
Evaluate (9 - 1 - ((0 - -9) + -9)) + 6.
14
Calculate -29 + 24 + 3 + -3 + 0 + -10.
-15
Calculate -3 + 8 + -10 + 11 + 17.
23
What is 7 - -1 - (10 + (-5 - 10 - -5))?
8
What is -35 - (-24 - -25) - -12?
-24
(-13 - 15 - 11) + 27 + -18
-30
Evaluate 8 + 1 + (10 - (-16 - -33)) - 1.
1
What is the value of -7 + 0 - (1 - (1 + -7))?
-14
Evaluate 15 - ((16 - 18) + 16).
1
-4 - -5 - 0 - ((-2 - -17) + 4)
-18
What is 1 - -8 - (-14 - -8)?
15
What is the value of 56 + -47 - (-2 - (12 + -6))?
17
What is the value of 11 + (0 + -12 - 10) - -24?
13
3 + -13 + (-63 - -63)
-10
What is the value of 0 + 34 - (1523 - 1491)?
2
12 - (12 - 7 - (6 - -5) - 1)
19
-5 + (-12 - -6) + 0 + -5
-16
Calculate 5 - (0 - (-2 - 5)).
-2
What is the value of 5 - (-3 - -5 - (-3 - 6))?
-6
Evaluate 6 + -2 + 2 + -20 - (1 - 3).
-12
What is the value of (34 - 20) + (-26 - 3)?
-15
Calculate (9 - 0) + (-174 - -159).
-6
What is (3 - 2) + 2 - 15 - (-40 - -42)?
-14
Evaluate -11 - (13 - 1 - 18).
-5
What is the value of (2 - (-3 - -7 - 7)) + (27 - 14)?
18
(-32 - -24) + 5 - -21
18
What is the value of 6 - (7 - 18 - (-22 - -20))?
15
Calculate -17 + 13 + 13 + -1.
8
1 + -8 + (-2 + -19 - -29)
1
3 - (-6 - -11) - (15 + -2 - 2)
-13
Evaluate -4 + 4 + 0 + -2 + -8 + 5.
-5
Calculate (2 - -4) + (-48 - -55).
13
Evaluate (5 - 6) + 8 + -25.
-18
Calculate (9 - (-9 - -24)) + 3 + -3.
-6
Evaluate 13 + -1 - (16 - 3 - -4).
-5
What is 72 + -137 + 105 + (1 - 21)?
20
What is -35 + 33 - (-2 - (-21 + -1))?
-22
-95 + 141 + -5 + -22
19
-31 + (-1 - -9) + 2 + (-20 - -17)
-24
Calculate -6 - (-5 + -2 - (6 - 1)).
6
Calculate -5 - (-7 + 8 + 6 - -2).
-14
-8 - (18 - 46) - 13
7
(11 - 0) + -32 + -24 + 52
7
What is the value of -1 + -21 - (11 - 27)?
-6
Evaluate -7 + (12 + 6 + -19 - 3).
-11
Evaluate -30 + (14 - 0) - -11.
-5
Evaluate 0 + -1 - ((0 - -8) + -3 + -1).
-5
What is (0 - 6) + (-336 - -325) - -51?
34
Calculate 6 + (4 - (0 + 3 + 38 + -3)).
-28
What is 21 + (20 - (14 + 0)) + (-9 - 2)?
16
-13 - (7 - 18) - 0
-2
What is the value of 25 + 4 + (-12 + 28 - 24)?
21
23 + -2 - (-12 + 26 - (7 + 5))
19
Calculate -4 + (-5 - (-6 - 13)) + 2 + -2.
10
9 - 16 - -2 - (-17 - -17)
-5
What is the value of 3 + (-16 + 6 + 6 - 8)?
-9
What is 19 - (-13 - -38 - 14)?
8
What is the value of (-39 - 2) + 14 + -12 + 6 + 1?
-32
Calculate 2 + (23 + -13 - (12 - 0)) + 20.
20
What is -23 + -2 - -19 - -30?
24
Calculate (-7 - (14 + -33)) + (2 - 0).
14
What is -14 - ((27 + -3 - 10) + -21)?
-7
What is the value of (57 - (21 + -5)) + -63?
-22
What is 1 + -3 - 4 - 10?
-16
What is the value of (-8 + -1 - -3) + (-1 - -20)?
13
Evaluate -5 + -2 + 3 + -4 + (-7 - -12).
-3
Evaluate 1 + -2 - ((-15 + -3 - -22) + 1).
-6
What is the value of -18 - (-15 - 2 - 4)?
3
Calculate 242 - 248 - ((-4 - (4 + -6)) + 11).
-15
Evaluate (-4 - ((-8 - 18) + 8)) + -12.
2
Calculate 2 - 0 - (-10 + (11 - 10)).
11
Calculate (-15 - 2) + 41 + -5.
19
Evaluate (1 - 18) + 1250 + -1206.
27
0 - -6 - (823 - 789)
-28
What is (-6 - (7 + (1 - 2))) + 6 + 11?
5
Evaluate -6 - 13 - (21 + -33 + 1).
-8
What is 2 + -11 - (-7 - 5 - (-38 - -15))?
-20
Evaluate 31 + -21 + (-15 - -3).
-2
Evaluate (1 - 16) + (29 - (14 - 4) - 14).
-10
Evaluate 2 + (-10 - (15 - 28) - 10).
-5
Evaluate 1 + -1 + (-19 - -18).
-1
Evaluate -7 - -2 - -3 - (350 - 358).
6
What is the value of 12 + 16 + -15 - -1?
14
What is 126 + -134 + (0 - (-38 - 0)) + -5?
25
-6 - (-12 + 21 + -15)
0
Calculate 1 + -27 + (5 - -10).
-11
Evaluate -29 + (-15 - -23) + 12.
-9
6 + (31 - 22) + -25
-10
Calculate 6 + 1 + -9 - (1 - 3 - 4).
4
What is -20 + -2 + (6 - 2) - (-13 - -18)?
-23
What is the value of 0 + 8 + (-23 + 5 - (0 - 3))?
-7
(-1 - -5 - 4) + 6 + -6 - 14
-14
What is the value of (-2 - 3) + 12 + 7 + 1 + -2?
13
Evaluate (13 - 1) + -81 + 75 + 17.
23
Evaluate (-2 - -3 - ((-36 - -14) + 17)) + 2.
8
What is 8 + -8 + 13 + (-15 - 3)?
-5
What is the value of (12 + -2 - 12) + (-1 - (-3 + 5))?
-5
16 + 5 + -16 - (1 + 13) - 8
-17
Evaluate 73 + (3 - 11) - 38.
27
0 - (2 + -4) - (-3 - (-25 - -10))
-10
Evaluate (-1 - 4) + -1 + -5 - (2 - 7).
-6
Evaluate -4 + (-13 - (4 + -7)) + -34 + 30.
-18
Calculate -3 + -6 + 6 + (6 - 3) + 12.
12
-50 + 46 + 1 + 11 + 1
9
What is 12 - (-45 - -35 - -37)?
-15
Evaluate -19 + (-7 - (5 + -27)) + -21.
-25
Evaluate -8 + -9 + (8 - -12).
3
What is the value of 9 + 1 - 0 - (-3 - (-5 - -14))?
22
What is the value of 7 + (-24 - -4) + (21 - -2)?
10
Evaluate (-2 + 2 - -4) + -8 + 9 + 1.
6
Evaluate -42 + -3 + 0 + -101 + 120.
-26
1 + -3 - (25 + -42)
15
What is the value of 11 + -4 + (-55 - -44)?
-4
What is the value of 114 + -93 + (-1 - (-2 + -2))?
24
-41 + 64 + -33 + -5
-15
Calculate 33 + -38 + 16 + -23.
-12
-3 + (-10 - (-7 + 9) - (-1 - -5))
-19
Calculate -6 + 21 - 24 - (-10 - 0).
1
Calculate -7 - ((6 - 2) + -25 + 21 - -6).
-13
Calculate 34 + -15 + -55 + 23.
-13
Evaluate 10 + -17 + -15 + 17 + 2 + -15.
-18
Evaluate 0 - (-14 + (1 - -13) + 24 + -31).
7
What is the value of -8 - (-6 - (3 - -10))?
11
Calculate (-4 - -37 - (22 - 7)) + -21.
-3
Evaluate 7 - ((1 - (-2 - -3)) + -2 + 3)